*y - 4*m + 1025 = -5*m. Let l(p) = 6*p**2 - 6*p - 13. Let j be l(-7). Let r = j - y. Is r prime?
False
Let b(n) = 10*n**2 + 15*n - 4. Let i(t) = -30*t**2 - 44*t + 12. Let v(z) = -11*b(z) - 4*i(z). Is v(-9) a composite number?
True
Let y be 35/5 + 1 + -3. Suppose 6*t - 93995 = -y*t. Suppose -29*m - t = -34*m. Is m a prime number?
True
Let d = 394 - 1. Let w = 1013 + d. Suppose -6*v + w - 68 = 0. Is v composite?
False
Let k = 4028 - 9239. Let l = k + 10480. Is l prime?
False
Suppose -143*f + 146*f - 200884 = -4*p, 2*f - 251105 = -5*p. Is p prime?
True
Let w(j) = -j**3 + 34*j**2 + 27*j - 49. Let i be w(31). Let o = i - 1609. Is o composite?
True
Let u(d) be the third derivative of -d**6/120 - 11*d**5/30 - 17*d**4/12 - 11*d**3/6 - 76*d**2. Is u(-22) composite?
True
Let k be (1 + 5/2)*(-14626)/(-497). Suppose -k*f + 89*f + 6286 = 0. Is f composite?
False
Suppose 19*n - 107388 = -10545. Is n composite?
True
Suppose -o + 2*g - 5 = -11, -3*g = 9. Suppose -r + v + 5621 = 0, -r + o*v - 5*v = -5633. Is r prime?
True
Let v(m) = 3*m**2 - 5 + 3 - m**2 - 557*m**3. Let b be 3/12*24/(-6). Is v(b) composite?
False
Let a be (9380/80)/(((-3)/4)/3). Let c = a - -720. Is c a prime number?
True
Let o = 1975 + 9578. Is o composite?
True
Let h be (-454)/(255/(-84) + 3). Suppose h = 2*m + v + 138, -12574 = -2*m - 2*v. Is m a composite number?
False
Suppose 0 = 8*f + 33 + 167. Let o = f + 154. Is o prime?
False
Suppose 0 = 9*l - 13*l + 44. Suppose l = 2*k + 7. Suppose -k*n + 84 = -14. Is n composite?
True
Let c(h) = 2*h**3 + 95*h**2 - 31*h - 378. Let x be c(-46). Let w(n) = -77*n**3 + n**2 - n - 1. Let d be w(-3). Suppose -x = -14*z - d. Is z a composite number?
False
Is (491631/4)/3 - (-2)/(-8) a prime number?
False
Suppose -38*o - 11*o = -4438763. Is o a composite number?
True
Suppose -2*x + 1 - 5 = 0. Let j(k) = -2*k - 1. Let l be j(x). Is 1922/1 + (4 - l) composite?
True
Let v(z) = -5*z**2 - 23*z - 39. Let j(q) = 4*q**2 + 22*q + 39. Let a(l) = 6*j(l) + 5*v(l). Let n be a(19). Is n*(0 + (-974)/(-2)) a prime number?
True
Let n(d) = d**2 + 2. Let c be n(-2). Suppose c*b = 12 + 36. Is (-499)/4*(0 - b) prime?
False
Is 4/(-1) + (-1978119)/(221/(-17)) prime?
False
Let o(y) = -9*y + 9. Let p be o(4). Let n(f) = f**2 + 25*f - 54. Let i be n(p). Suppose -17*b = -i*b - 3723. Is b a composite number?
True
Let p(w) = w + 5. Let x be p(20). Suppose 991 = x*k - 24*k. Is k a prime number?
True
Let l(g) = g**3 + 6*g**2 + 7*g - 12. Let o(w) = 2*w**3 + 11*w**2 + 15*w - 23. Suppose 11 = 3*k - 10. Let z(a) = k*l(a) - 3*o(a). Is z(7) a prime number?
True
Is (-2)/15*-10 - (-1304771)/39 prime?
True
Suppose 1997719 + 4102596 = 24*f + 941059. Is f prime?
False
Let v(i) = -3*i**2 + 6*i + 2. Let b be v(7). Let o = -98 - b. Suppose 2*g + 4*x - 154 = 0, 3*x = o*g - x - 441. Is g prime?
False
Let n(x) = 0*x**2 - 2*x**2 + 2*x**2 + 12 + 5*x - x**2. Let w be n(6). Suppose 3479 = 2*b - w*u + 3*u, 2*b - 5*u = 3485. Is b a prime number?
False
Let n be (-3 - (1 - 3))*(1 - 1). Suppose n = -58*g + 63*g - 15. Suppose 0 = 14*q - g*q - 6083. Is q composite?
True
Let v(o) = -21*o + 3. Let h be v(-15). Let b = -64 + h. Is b prime?
False
Suppose 122 = 3*t - 5*v, -5*t = 5*v + 3 - 153. Is ((-218)/(-6) - t/(-51)) + -2 prime?
False
Let y(k) be the third derivative of k**5/60 + k**4 - 25*k**3/3 - 4*k**2. Suppose 3*a = 5*x - 115, -a - 69 = -6*x + 3*x. Is y(x) prime?
True
Suppose 3*q - 808534 = -5*l, -10*l = -5*l + 5. Is q composite?
False
Suppose -15*k = -3*k - 2813268. Is k prime?
False
Suppose -176945 = -19*r + 14*r - 5*z, -106171 = -3*r - 5*z. Is r composite?
True
Is ((-14)/4 - (-3)/2)*158890236/(-456) composite?
False
Let c(t) = -t - 4. Let g be c(10). Let u(v) = -v**2 - 26*v - 89. Is u(g) a prime number?
True
Suppose -604*z = -610*z - 78. Let d(a) = -11*a + 18. Let v(r) = 44*r - 72. Let o(f) = 9*d(f) + 2*v(f). Is o(z) prime?
False
Let s = 6 - 3. Let z = 2815 + -405. Suppose 4*n - 3*a + 451 - z = 0, -n = s*a - 486. Is n composite?
True
Let w = 367 - 358. Is 2/(-4)*(-2*151911)/w a prime number?
True
Suppose 2*q - 4 = 8. Let p(s) = 17*s**3 - 2*s**2 + 17*s - 59. Is p(q) prime?
True
Suppose 2*t - 4*c = 63296, 5*c - 4*c = -4. Suppose -5*v = 3435 - t. Suppose v = 6*j - 6929. Is j prime?
False
Let j = 122018 + -85867. Is j prime?
True
Suppose 172524253 = 134*i + 34030295. Is i a composite number?
False
Let l(y) = 3*y**3 - 1750 - 134 + 3*y - 4*y**3. Let w be l(0). Is ((-10)/(-6))/((-4)/w) - -2 a prime number?
True
Let a be (-36)/(-15) + 3/5. Is a/(54/(-12)) - (-1349)/3 composite?
False
Let n(w) = -268*w + 225. Let q be n(-12). Let o = -1544 + q. Is o composite?
True
Let l = 104 - 104. Suppose -2*h - 5*i + 1577 = l, -5*i - 934 = -h - 123. Suppose 5*p - h = p. Is p a prime number?
True
Suppose 0 = -4*u - 4*z + 115 + 21, 0 = -2*z - 8. Is 157428/57 - (-4)/u a composite number?
True
Suppose -116954 - 714981 = -13*g. Is g prime?
False
Suppose 9*x + 0*x = -279. Let o = 26 + x. Is (-1)/4 + o*(-339)/12 composite?
True
Let c = 43 + -260. Let r = 2790 - c. Is r a prime number?
False
Let k(v) = 2*v + 0*v + 15 - 3*v. Suppose 10 = 139*g - 137*g. Is k(g) a composite number?
True
Let m(w) = 2895*w**3 - 6*w**2 + 761*w - 3025. Is m(4) a prime number?
False
Suppose 6 + 2 = 2*h. Suppose 2 = -4*r + i + 17, 0 = -h*r - 3*i + 35. Suppose -r*d = y - 746, 2*y + 63 = 2*d - 233. Is d composite?
False
Let t = 296 + -302. Is (44886/18 - t)/(1/3) a prime number?
True
Let g be 15/35 + 16137/(-21). Suppose -7*i + 3*i + 4748 = 0. Let w = i + g. Is w a prime number?
True
Suppose -5*z = 4*m + 758, -m + z - 118 = 67. Let a = 495 + m. Suppose p - a = -3*p. Is p a composite number?
True
Let s(x) = 102*x**2 - 58*x + 367. Is s(14) a prime number?
False
Suppose 66969 + 481875 = 4*w. Is w composite?
True
Is (-58)/(-116)*(-2 - -77080) a composite number?
True
Suppose 121*z + 45 = 130*z. Suppose 2*d + 4*s = 7826, -z*s + 5 + 10 = 0. Is d a composite number?
False
Let u = 25 - 22. Suppose 5*k = -4*s + 2 - 5, u*s = 9. Is 3*-67*(-4 - k) composite?
True
Let p = 245920 - -72651. Is p a composite number?
True
Let m = -203755 - -302162. Is m composite?
False
Let k = 718349 + -384451. Is k a prime number?
False
Is 225/(-120) + 2 + (-1238094)/(-16) a prime number?
False
Suppose 552728 = 23*l - 1270122 - 2480933. Is l a composite number?
True
Let w = -17392 - -133864. Is 10/(-50) + (w/15)/4 a prime number?
False
Suppose -s = 2*s + s. Suppose s = 7*h - 2*h + 20. Is h*1/4*1819*-1 a composite number?
True
Suppose -431*s - 459 = -440*s. Suppose 34*w - s*w = -70873. Is w a prime number?
False
Suppose 16*z - 15*z = 0. Let t(a) = a**3 + a**2 - 2*a - 1011. Let x be t(z). Is 1/(-5 + (-5058)/x) composite?
False
Is 5 + (-129*2)/((-15)/178155) a composite number?
True
Suppose -2*f = -a - 24057, -14*a - 24037 = -2*f - 9*a. Is f a composite number?
True
Suppose 0 = w - 3*o, 3*o = 5*w + 5*o - 51. Suppose w*y = -6*y + 180. Suppose 0 = 8*i - y*i + 2804. Is i a prime number?
True
Let z be (-112)/84*(816/2)/(-2). Suppose -z*a + 271*a + 114997 = 0. Is a a composite number?
False
Let w(d) = -348*d - 5. Let m(t) = -346*t - 5. Let n(a) = 6*m(a) - 5*w(a). Is n(-2) prime?
False
Let h(r) = 9*r**2 - 78*r + 1427. Is h(54) prime?
True
Suppose -2*g + s + 6 = 0, 11 = 2*g - 3*s + 1. Suppose -g*a = -16 - 0. Suppose -5*j - a = -3*m, -4*m = -4*j - 6 - 18. Is m composite?
False
Let g(a) = a**3 + 45*a**2 - 8*a - 166. Let n be g(-45). Suppose 179*o = n*o - 5385. Is o a prime number?
True
Let f(m) = 185*m**2 - 24*m - 10. Suppose 15 = -7*u - 48. Is f(u) a composite number?
True
Let w(v) = 2*v**3 - 14*v**2 + 26*v - 16. Let l be w(9). Let r = 835 - l. Is r composite?
False
Suppose -2 = v - 5. Suppose 2*k - 11 = -v. Suppose -f = -k*l + 6*l - 530, -2*l + 546 = 5*f. Is l composite?
False
Suppose -22*a = -8*a - 5040. Let d = a - -1405. Is d prime?
False
Is ((-10)/8 + 2)*(-232)/(-87) - -35631 prime?
False
Let m = 2918 + -1526. Let a(d) = 1524*d - 97. Let h be a(2). Let x = h - m. Is x composite?
False
Let z(s) = 10*s**2 + 16*s + 29. Let y = 157 + -173. Is z(y) a prime number?
True
Suppose 2*i + 21 = 21. Suppose g + 3*g = 5*p, i = 2*p - 3*g. Suppose p = -5*s + 5*l + 6762 + 2448, -2*s - 4*l + 3714 = 0. Is s a composite number?
False
Let r(s) = -s**3 - 3*s**2 + 6*s + 7. Let a be r(-5). Let d = a - 18. Suppose -d*l + 137